) = -2*b**2 + 3*b + 3. Let w be m(5). Let h = w + 46. Let c = 96 - 55. What is the remainder when c is divided by h?
13
Suppose 2*s + 4*i + 0 = 2, -5*s - 2*i + 13 = 0. Suppose -2*w + 90 = 5*j - 7*w, 0 = s*w + 12. Calculate the remainder when j is divided by 4.
2
Let t = -1 + 3. Suppose 2*g - 5*r = 11, -g - t = r + 4*r. Suppose 5*d - l - 2 = -0, g*l - 11 = -2*d. What is the remainder when 3 is divided by d?
0
What is the remainder when (150/9)/((-6)/(-9)) is divided by (-2)/((-2)/13)*1?
12
Let c(f) = f**2 - 4*f + 7. What is the remainder when c(6) is divided by 5?
4
Let t(b) = 3*b**2 + 7*b - 5. Let c be t(5). Suppose 5*z + p - c = 6*p, 4*p + 8 = 0. What is the remainder when z is divided by 7?
5
Suppose 6*u - 41 = 19. Calculate the remainder when 38 is divided by u.
8
Let u = -13 - -30. Calculate the remainder when u is divided by 9.
8
Suppose 0 = -5*c - 10, 4*c + 12 = p + 2. Let w(r) = 0 + r**2 - 1 - 3*r**2 - r + r**3 + r**2. What is the remainder when w(p) is divided by 1?
0
Let q(w) = w**3 - 7*w**2 - 16*w - 2. What is the remainder when q(9) is divided by 6?
4
Calculate the remainder when 3 - (2 + -10)*3 is divided by 8.
3
Calculate the remainder when 26 is divided by 25/1*12/30.
6
Let x(z) = 28*z**2 - 2*z + 3. Let a be 9/15 + (-35)/(-25). What is the remainder when x(a) is divided by 28?
27
Suppose 4*d = 11 - 3. Calculate the remainder when 11 is divided by d.
1
Suppose -f = -2*f + 3. Suppose f*i - 49 - 59 = 0. Suppose 38 = 4*c - 2*c. Calculate the remainder when i is divided by c.
17
Let y = -5 + -1. Calculate the remainder when 8 is divided by y/8 + (-90)/(-24).
2
Let s = -58 + 82. Calculate the remainder when 44 is divided by s.
20
Suppose -5*j + 7 + 58 = 0. Calculate the remainder when 51 is divided by j.
12
Let q(w) = w**2 - 12. Calculate the remainder when 166 is divided by q(5).
10
Suppose 3*n - 184 = 5*x, -3*x - 5 = n - 57. Calculate the remainder when n is divided by 16.
10
Let f = -17 - -46. What is the remainder when f is divided by 16?
13
Let b(c) = -5*c - 1. What is the remainder when b(-6) is divided by 11?
7
Let h = 4 - -15. Suppose 2*u - 13 = i, 2*u + 8*i - h = 3*i. What is the remainder when 9 is divided by u?
2
Suppose 19*b - 18*b = 71. Calculate the remainder when b is divided by 18.
17
Calculate the remainder when (183/(-3))/(2 - 3) is divided by 16.
13
Suppose -3*r = -3*i - 63, -r = -3*r - 3*i + 67. Suppose -4*x + r + 14 = 0. Let g = 8 - 4. What is the remainder when x is divided by g?
2
Let b(m) = m**2 - m - 6. Let u(f) = -f + 14. Let l be u(8). What is the remainder when b(l) is divided by (-26)/(-4)*(2 + 0)?
11
Let n = 0 - -9. Let a = -130 - -78. What is the remainder when (a - 0 - -2)/(-2) is divided by n?
7
Suppose -29*x - 159 = -32*x. What is the remainder when x is divided by 19?
15
Suppose -8*j = -58 - 46. Calculate the remainder when 62 is divided by j.
10
Suppose 0 = -q - 0*q - 4*s - 15, s - 5 = -2*q. Suppose 3*p - 19 = -q*n, p + 2*p - 2*n - 5 = 0. Calculate the remainder when 2 + 9 + (-3)/p is divided by 6.
4
Let n be -1*(-3)/6*6. Let i = n - 0. What is the remainder when 9 is divided by i?
0
Let o = -2 - -37. Let q be 6 + -5 - (1 - 3). Let f(u) = u**3 - 2*u**2 + 2*u - 3. Calculate the remainder when o is divided by f(q).
11
Suppose 2*k + 5*c - 10 - 8 = 0, k - 6 = -4*c. Let p = -2 + k. What is the remainder when 45 is divided by p?
9
Let t(n) = -n**3 - 7*n**2 - 7*n - 6. Let w = 8 + -14. Let z be t(w). Calculate the remainder when (93/(-6) - z)*-2 is divided by 16.
15
Suppose 0 = 2*t - 4*l - 230, -3*l = -4*t + 2*l + 463. Calculate the remainder when t is divided by 17.
15
Let w(p) = p**3 + 6*p**2 - 5*p - 4. What is the remainder when w(-4) is divided by 17?
14
Suppose -20 = -3*i + 4*l - 3, -i + 4*l - 5 = 0. Suppose -4*g = 4*b - 40, 3*g + 5*b - 31 = -i. What is the remainder when 29 is divided by g?
14
Calculate the remainder when 10/90 - (-197)/9 is divided by 8.
6
Suppose -2*o - 20 = -6*o. Let g = 22 - o. Let x = 29 - g. Calculate the remainder when 34 is divided by x.
10
Suppose 0*u - 3*u + 15 = 0. Suppose 5*k + 5*o - 25 = 0, -16 - u = -3*k - 5*o. Calculate the remainder when 5 is divided by (-1 - 5)*k/(-4).
2
Let i = 6 + -2. Calculate the remainder when 5 is divided by i.
1
Suppose 20*i = 29*i - 1035. Calculate the remainder when i is divided by 29.
28
Let s(h) = h - 13. Let n(k) = -k + 7. Calculate the remainder when s(16) is divided by n(4).
0
Suppose 209 - 9 = 4*c. What is the remainder when c is divided by 13?
11
Let r be 5/(10/(-4)) + -4. Let x be 5/(-15) + (-86)/r. Let o = 31 - x. Calculate the remainder when 32 is divided by o.
15
Suppose 4*u - u = -p + 1, -2*u = 2*p - 6. Suppose -2*a = -a - 13. Calculate the remainder when a is divided by p.
1
Suppose -48 = h - 3*h - a, h - 5*a - 13 = 0. What is the remainder when h is divided by 12?
11
Let a(f) = -f**2 + 4*f + 3. Let p be a(4). Suppose 5*d + 26 = 3*h, -2*h + 0*h + 30 = p*d. What is the remainder when 22 is divided by h?
10
Let r = 53 + 55. Calculate the remainder when r is divided by 22.
20
Suppose -s - 2*q + 1147 = 4*s, -3*q = -3. Calculate the remainder when s is divided by 46.
45
Let k(r) = 5*r - 7. Let m be k(8). Calculate the remainder when m*(12/9)/2 is divided by 6.
4
Suppose -d = -5*g - 172, 4*d - 6*g + 11*g - 713 = 0. Calculate the remainder when d is divided by 45.
42
Let b(h) = 3*h**2 + 2*h**2 - 6*h**2 + 2 - 5*h. Calculate the remainder when ((-1)/2)/((-7)/70) is divided by b(-5).
1
Let g = 79 + -46. What is the remainder when g is divided by 7?
5
Let f = -4 + 4. Suppose f = -5*s + 15 - 0. Calculate the remainder when s is divided by 2.
1
Suppose g - 10 = 7*t - 2*t, -5*t + 15 = 4*g. Suppose -53 = -4*v + 3*z, 1 = -4*v + 2*z + 59. Let k = 34 - v. Calculate the remainder when k is divided by g.
2
Suppose -3*t - 2*t = 4*l - 82, -4*t = 4*l - 80. What is the remainder when l is divided by 5?
3
Suppose 0 = 3*v + c - 4 - 43, 3*c = -v + 29. Let d be 0/(-2*4/8). Suppose 2*n - 5*n + 159 = d. Calculate the remainder when n is divided by v.
11
Let v(a) = 22 + 3*a - 2*a + 0*a. What is the remainder when 45 is divided by v(-10)?
9
Let h(b) = -27*b - 4. Let r(o) = 18*o + 3. Let p(n) = -5*h(n) - 7*r(n). Let j be -1 + (3 + -2)*2. Calculate the remainder when p(j) is divided by 3.
2
Suppose -3*v = 7 - 19. Suppose 12 = -v*o + 192. Suppose 84 = 5*f - 4*g, 0*f - 2*f + g = -33. What is the remainder when o is divided by f?
13
Let c = -99 + 133. Calculate the remainder when c is divided by 9.
7
Let f(p) = p**2 + 5*p + 2. Let a be f(-5). Suppose -m + 42 = a*m. Calculate the remainder when 41 is divided by m.
13
Let x = -1 + 2. Let s(u) = -7*u + 1. What is the remainder when s(-4) is divided by (5/4)/(x/12)?
14
Let v(d) = d**2 + 2*d + 7. Calculate the remainder when v(-5) is divided by 6.
4
Let o be -4 - -2 - 7/1. Let v(f) = -f + 9. Calculate the remainder when o/(-6) + 1/2 is divided by v(7).
0
Let w(n) = 5*n + 9. What is the remainder when w(11) is divided by 11?
9
Let i(n) = n**3 + n + 6. Let h be i(0). Let k(x) = -9 - 26*x + 17*x + 11*x. What is the remainder when k(h) is divided by 2?
1
Let d(z) = z**2 - 3*z - 5. Calculate the remainder when d(8) is divided by 18.
17
Suppose 0*y = -y. Let s be -2 - y - (-3 + -2). Suppose -4*f - 8 = -4*n, n = -0*f + s*f - 2. Calculate the remainder when n is divided by 3.
1
Suppose -8*a + 30 = -162. What is the remainder when 69 is divided by a?
21
What is the remainder when 73 is divided by 2 - 0 - (-16 + -1)?
16
Suppose -101 = -5*p + 209. Let a = p + -36. What is the remainder when a is divided by 14?
12
Let b(q) = q**3 + 5*q**2 - 4*q - 7. Suppose 2*n = -3 + 17. What is the remainder when b(-5) is divided by n?
6
Suppose 4*p - l + 160 = 0, 5*p + 213 = 3*l - 5*l. Let c = 9 - p. Calculate the remainder when c is divided by 17.
16
Let r(i) = -i**3 + 5*i**2 + i - 3. Calculate the remainder when 49 is divided by r(4).
15
Suppose -12 = 4*a - 0. Let l be (a/(-6))/((-3)/(-6)). Calculate the remainder when 42 is divided by 6/(2 + l) - -20.
20
Let l = -8 - -7. Calculate the remainder when ((-10)/(-4))/(l/(-30)) is divided by 19.
18
Let i = 124 - 72. What is the remainder when i is divided by 11?
8
Suppose 4*r + 7 - 19 = 0. Calculate the remainder when 10 is divided by (-4 + r)*1*-3.
1
Let g = -26 + 51. What is the remainder when